- 7 = 0, f = 5*m + 4*z. List the prime factors of ((-8)/(-2))/(6/m).
2, 3
Let m(g) = 4*g**2 - 2*g - 9. List the prime factors of m(4).
47
What are the prime factors of (-1)/(((-2)/(-388)*-4)/2)?
97
Let z(g) = -7*g + 1. List the prime factors of z(-4).
29
Suppose g - 8 = 4. Suppose 3*h - 2 = -2*s + 8, 0 = s - 2. Suppose -4*i + g = -4*a, 5*i - a = h*i + 19. What are the prime factors of i?
2
List the prime factors of 27 + -3 + (-1)/2*-6.
3
Let r = -43 - -91. Let x be (r/3)/(0 - -1). What are the prime factors of 4/x - 21/(-12)?
2
Suppose v - 34 = -4*w + 3*w, 0 = -5*w + 3*v + 210. List the prime factors of w.
3, 13
Suppose 768 = 4*y - 4*w + 2*w, 3*w = -12. List the prime factors of y.
2, 5, 19
Let l(i) = -13*i. Let u be l(1). Let n = 22 - u. What are the prime factors of n?
5, 7
Let o(b) = b**2 - 5*b - 5. Let s be (-2)/(-6)*3*0. Suppose s*k = 2*k - 14. What are the prime factors of o(k)?
3
Let k(a) = a**2 - 3*a - 5. Let r be 2/4 + 3/(-2). Let t(s) = s - 1. Let q(g) = r*k(g) + 2*t(g). What are the prime factors of q(5)?
3
Suppose 0 = -2*u + 3*u - 5*w - 57, 3*w - 320 = -4*u. List the prime factors of u.
7, 11
Let j(u) = 0*u**2 - u**2 + 4*u - 11*u. Let d = -3 - 3. List the prime factors of j(d).
2, 3
What are the prime factors of (-1)/((-2)/5)*80?
2, 5
Let o(m) = 2*m**2 + 5*m + 12. What are the prime factors of o(-5)?
37
Let h(f) be the second derivative of -f**3/6 + f**2/2 + f. What are the prime factors of h(-3)?
2
Let v(d) = 2*d**2 + d - 2. Let r(i) = i + 3. Let o be r(0). Suppose o = -4*k + 5*p, -k + 5*p = -3*k - 9. List the prime factors of v(k).
2
Let m be (-4)/18 + 184/18. Let z = m + -6. What are the prime factors of (z - 5)*(-5 - 0)?
5
Let p be 142/8 - 1/(-4). Suppose h - 4 = -2. Suppose h*m = p - 0. List the prime factors of m.
3
Let r = 6 + -4. Suppose -r*t = 3*t + 15. Let g(w) = -3*w. List the prime factors of g(t).
3
List the prime factors of (-11364)/(-48) - (1 - 10/8).
3, 79
Suppose 4*n + 4 - 10 = 5*b, b - 3*n + 10 = 0. List the prime factors of 3/(2*b/4).
3
Suppose j + j + 2*t - 68 = 0, 4*j - 4*t - 120 = 0. Suppose 4*g + j = -5*h, -h + 4*g + 8 = -0*g. What are the prime factors of 1 - 0 - 28/h?
2
Let f(m) = m**3 + 18*m**2 - m + 7. Let h be f(-18). Let c = -5 - -9. Suppose -c*j + h = -63. List the prime factors of j.
2, 11
Let g = 9 - 6. Suppose g*i - 3*w = -0*w + 18, -32 = -5*i + 4*w. List the prime factors of i.
2
Suppose 2*t - 10 = 0, 5*f + t - 3123 = -1078. List the prime factors of f.
2, 3, 17
Let t(p) = -5*p. Let q(d) = -4*d. Let u(o) = 6*q(o) - 5*t(o). Let f be u(4). Suppose f*a + 23 = 55. What are the prime factors of a?
2
Suppose m + a + 3*a + 12 = 0, 0 = -4*m - 4*a. What are the prime factors of m?
2
Let r(i) = 15*i**2 + 2*i + 1. Let a = -18 + 12. Let k = 5 + a. List the prime factors of r(k).
2, 7
Let b = -4 + 17. Let h = 9 - 9. Suppose t + h*t = b. List the prime factors of t.
13
Suppose 5*r = -z - 3, 2*z + 6*r - 22 = 3*r. Let f = z + -10. What are the prime factors of f?
7
Let a(v) = -68*v + 34. List the prime factors of a(-4).
2, 3, 17
Let u = 205 + -67. List the prime factors of u.
2, 3, 23
Let t(h) = -h**3 + 3*h**2 + h - 2. Let q be ((-4)/10)/(2/10). List the prime factors of t(q).
2
Let h be 47/(-5) - 10/(-25). Let i(f) = -f**2 - 11*f + 6. Let t be i(h). Let m = t + -15. List the prime factors of m.
3
Let z = 1 - -3. Let u = 10 - z. Suppose t - 4*w = -1, u*t - t - 5*w = 25. List the prime factors of t.
7
Suppose i - 4 - 5 = 0. Suppose -3*r + d = 4*d + i, d = 0. Let k(j) = j**3 + 3*j**2 - 4*j - 3. What are the prime factors of k(r)?
3
Let l(p) = -p**2 + p + 1. Let o(s) = -2*s**2 + 9*s + 8. Let y(f) = 4*l(f) - o(f). Let q be y(-5). Let t = -20 - q. What are the prime factors of t?
3
Suppose -4*n = -4*q - 36, 3*q + 0 = -12. Suppose h - n*f - 7 = 0, -3*h = -0*h - 2*f - 34. What are the prime factors of (-3*h/(-9))/1?
2
Let h = 12 - 40. Let p = h - -42. List the prime factors of p.
2, 7
Suppose -5*h - 20 = -0*h. Let n(t) = -2*t - 1 - t**3 - 2*t + 2*t - 4*t**2. What are the prime factors of n(h)?
7
Let y(q) = -q + 2*q + q - 6. Let s be y(5). Suppose -s*l = -3*b + 44, l = 4*b - 40 - 10. List the prime factors of b.
2, 3
Let g(b) = b**2 - 4*b - 4. List the prime factors of g(-4).
2, 7
Suppose 0 = c + p - 24, -p + 60 = 2*c - 2*p. What are the prime factors of c?
2, 7
Suppose -4*d = 5*t - 53, 3*t = 3*d + 7*t - 39. Suppose d = 3*n - 10. Suppose 2*c = c + n. List the prime factors of c.
3
Let c = 8 - 5. Suppose -12 = -c*y - y. Suppose 0 = y*p - 2 - 7. What are the prime factors of p?
3
Let f = 121 - -15. What are the prime factors of f?
2, 17
Let w(k) be the first derivative of k**2 - 2*k + 2. Let n be (2 + 5/(-2))*-6. List the prime factors of w(n).
2
Let v be (-110)/(-25) - 4/10. Suppose 5*z = -2*y - 2, -v = 3*y - z - 1. What are the prime factors of ((-51)/(-6))/(y/(-2))?
17
Suppose 5*x - 4*h - 25 = 0, -5*x - h + 22 = -3. Let l(f) = f**3 - 2*f**2 - 4*f - 1. What are the prime factors of l(x)?
2, 3
Suppose -1516 = -8*o + 4*o. What are the prime factors of o?
379
Suppose 24 = 3*c - 96. Suppose -4*a = 2*z - 48 - c, -104 = -4*a + 2*z. Let x = -14 + a. List the prime factors of x.
2, 5
Suppose -3*d - 5*u + 30 = 0, -7*u = -2*u. Let b(p) = p**2 - 10*p + 10. List the prime factors of b(d).
2, 5
Let t = -17 - 8. Let w = 42 + t. List the prime factors of w.
17
Suppose 0 = -2*z + 4*z - 46. Let a = z + -11. List the prime factors of a.
2, 3
Let z = -130 - -153. What are the prime factors of z?
23
Let n(f) = -f**2 - 5*f - 4. Let p be n(-4). Let g(u) = 3 - u - 7 - u**2 + 15. What are the prime factors of g(p)?
11
Suppose -z + 99 = 2*z + 4*d, -2*z + 49 = -3*d. List the prime factors of z.
29
Let p = 125 + -69. What are the prime factors of p?
2, 7
Suppose 3*o - 216 = -3*u, -5*o - u + 388 = -3*u. Suppose -10 + o = 2*m. What are the prime factors of m?
3, 11
Let p = 21 - -100. List the prime factors of p.
11
Let h(b) = -b**2 + 5*b - 6. Suppose -2*q - 3*g + 10 = 3*q, -3*q = -2*g - 25. Let d be h(q). List the prime factors of -2*(3 + d)*3.
2, 3
Let q = -23 + 91. Suppose -5*t + 111 = -t + 3*l, -2*t - 4*l = -q. List the prime factors of t.
2, 3
Suppose -7 = -4*g + 9. Let x(p) = p**2 - 4*p + 2. Let r be x(g). List the prime factors of -1 + 10 + r + 0.
11
Let m(z) be the third derivative of z**6/15 - z**5/60 + z**3/6 - z**2. Let w be (1/4)/((-13)/(-52)). List the prime factors of m(w).
2
Let w(d) = d**2 - 7. List the prime factors of w(-6).
29
Let u = 18 + -12. Suppose u = g - 37. What are the prime factors of g?
43
Let g(s) = s**2 - 1 - 2 - 7*s**3 + 2. Let m(a) = -36*a**3 + 6*a**2 - 6. Let w(i) = 11*g(i) - 2*m(i). What are the prime factors of w(-1)?
5
Let g(u) = 5*u**2 - 8*u - 1. Let c(a) = -11*a**2 + 16*a + 2. Let z(j) = 6*c(j) + 13*g(j). Let m be (-28)/5 - 10/25. What are the prime factors of z(m)?
11
Suppose -l = -0*y + 5*y - 531, -2*l - 222 = -2*y. List the prime factors of y.
107
Let w(x) = -5*x - 2. Let t be w(2). List the prime factors of 4/t - 46/(-3).
3, 5
Let v(j) be the first derivative of j**3/3 + 3*j**2 + 6*j - 4. What are the prime factors of v(-8)?
2, 11
Let k = 12 - -27. List the prime factors of k.
3, 13
Let i(r) = -11*r**2 - 1. Let m(s) = -23*s**2 - 2. Let n(b) = -5*i(b) + 2*m(b). List the prime factors of n(-1).
2, 5
Let c be (-2 - 0 - -3) + 3. What are the prime factors of 4*(c - (-4)/4)?
2, 5
Suppose 0 = 2*k + 2*k. Suppose 0 = -4*m - 5 + 17, k = -3*v + m + 42. List the prime factors of v.
3, 5
Suppose -4*u + 622 = h - 6*h, -u = -5*h - 163. What are the prime factors of u?
3, 17
Let p(k) = k - 4. Let u(g) = 5*g**2 + 2*g + 1. Let c be u(-1). Let i be p(c). Suppose 0*f - 3*f + 21 = i. What are the prime factors of f?
7
Let a(c) = 4*c**3 + 2*c**2 + c. Let v be a(-1). Let d = 1 - v. Suppose 5*u = 3*u + d. List the prime factors of u.
2
Suppose -1 - 2 = -a. Suppose 34 = -2*y + a*y. Suppose 10 = -3*z + y. List the prime factors of z.
2
Let v(z) = 0 + 1 - 8*z + 3. Let p be v(-3). Suppose w + p = 5*w. What are the prime factors of w?
7
Suppose 4*z = -3*r + 1 - 244, 0 = -4*r - 4. Let y be 15/2*z/(-25). Let u = y + -8. What are the prime factors of u?
2, 5
Suppose 39 + 55 = 2*x. Let v = 96 - x. What are the prime factors of v?
7
Let m be (-1 - -1 - 0)/2. Let o = m + -1. Let y = 4 + o. List the prime factors of y.
3
Let t(b) = b + 3.